{"id":518,"date":"2021-04-12T10:51:14","date_gmt":"2021-04-12T08:51:14","guid":{"rendered":"http:\/\/ngrr1.pl\/?page_id=518"},"modified":"2023-03-13T09:58:20","modified_gmt":"2023-03-13T08:58:20","slug":"karta-ratownicza","status":"publish","type":"page","link":"https:\/\/ngrr1.pl\/?page_id=518","title":{"rendered":"Karta ratownicza"},"content":{"rendered":"\n<p><strong>KARTA RATOWNICZA POJAZDU<\/strong> &#8211; Ka\u017cdy powinien j\u0105 mie\u0107 w samochodzie. Nic nie kosztuje, a mo\u017ce uratowa\u0107 \u017cycie. Dzi\u0119ki niej w przypadku konieczno\u015bci wycinania poszkodowanego z samochodu czas dzia\u0142ania stra\u017cak\u00f3w skraca si\u0119 o 6 do 10 minut, co w przypadku ratowania \u017cycia mo\u017ce by\u0107 kwesti\u0105 prze\u017cycia albo \u015bmierci. <\/p>\n\n\n\n<p><br>Naklejka informuj\u0105ca o karcie powinna by\u0107 przyklejona w lewym dolnym rogu przedniej szyby. Sama karta powinna zosta\u0107 w\u0142o\u017cona za os\u0142on\u0119 przeciws\u0142oneczn\u0105 kierowcy. <\/p>\n\n\n\n<p><br>Naklejk\u0119 mo\u017cecie dosta\u0107 od nas lub u wybranych dealer\u00f3w. Sam\u0105 kart\u0119 dostaniecie u dealer\u00f3w lub na stronach producent\u00f3w samochod\u00f3w. Sprawd\u017acie tylko dobrze jaki macie model pojazdu.<\/p>\n\n\n\n<hr class=\"wp-block-separator\"\/>\n\n\n\n<p>Dzi\u0119kujemy firmie <a href=\"https:\/\/www.facebook.com\/qrdepl\/?__cft__[0]=AZXu1gSkG-_UpOEIMBsbJTCgp-JdHi4wnrSumYZ2ZdapkAdtUFlg1uKRufN5TuCjaB557qURzk3b39eyjzJSpMS63NQj9XdoXxqG-fEN8GX48tBNmco5IDdMyK3dy6uDzltH-SN7M1boUSjL2SzKB69szrxazcC93L5KsRN9x_Gjiw&amp;__tn__=kK-R\">QRDE<\/a> za podarowanie nam ponad stu naklejek &#8222;karta ratownicza w poje\u017adzie&#8221;<\/p>\n\n\n\n<figure class=\"wp-block-gallery columns-3 is-cropped\"><ul class=\"blocks-gallery-grid\"><li class=\"blocks-gallery-item\"><figure><img loading=\"lazy\" width=\"757\" height=\"730\" src=\"https:\/\/ngrr1.pl\/wp-content\/uploads\/2021\/04\/161781658_235233444969730_5728843561937046784_n.jpg\" alt=\"\" data-id=\"519\" data-full-url=\"https:\/\/ngrr1.pl\/wp-content\/uploads\/2021\/04\/161781658_235233444969730_5728843561937046784_n.jpg\" data-link=\"https:\/\/ngrr1.pl\/?attachment_id=519\" class=\"wp-image-519\" srcset=\"https:\/\/ngrr1.pl\/wp-content\/uploads\/2021\/04\/161781658_235233444969730_5728843561937046784_n.jpg 757w, https:\/\/ngrr1.pl\/wp-content\/uploads\/2021\/04\/161781658_235233444969730_5728843561937046784_n-300x289.jpg 300w\" sizes=\"(max-width: 757px) 100vw, 757px\" \/><\/figure><\/li><li class=\"blocks-gallery-item\"><figure><img loading=\"lazy\" width=\"1024\" height=\"768\" src=\"https:\/\/ngrr1.pl\/wp-content\/uploads\/2021\/04\/172711889_250994646726943_533324173675254986_n-1024x768.jpg\" alt=\"\" data-id=\"521\" data-full-url=\"https:\/\/ngrr1.pl\/wp-content\/uploads\/2021\/04\/172711889_250994646726943_533324173675254986_n.jpg\" data-link=\"https:\/\/ngrr1.pl\/?attachment_id=521\" class=\"wp-image-521\" srcset=\"https:\/\/ngrr1.pl\/wp-content\/uploads\/2021\/04\/172711889_250994646726943_533324173675254986_n-1024x768.jpg 1024w, https:\/\/ngrr1.pl\/wp-content\/uploads\/2021\/04\/172711889_250994646726943_533324173675254986_n-300x225.jpg 300w, https:\/\/ngrr1.pl\/wp-content\/uploads\/2021\/04\/172711889_250994646726943_533324173675254986_n-768x576.jpg 768w, https:\/\/ngrr1.pl\/wp-content\/uploads\/2021\/04\/172711889_250994646726943_533324173675254986_n-1536x1152.jpg 1536w, https:\/\/ngrr1.pl\/wp-content\/uploads\/2021\/04\/172711889_250994646726943_533324173675254986_n-1600x1200.jpg 1600w, https:\/\/ngrr1.pl\/wp-content\/uploads\/2021\/04\/172711889_250994646726943_533324173675254986_n.jpg 2048w\" sizes=\"(max-width: 1024px) 100vw, 1024px\" \/><\/figure><\/li><li class=\"blocks-gallery-item\"><figure><img loading=\"lazy\" width=\"1024\" height=\"768\" src=\"https:\/\/ngrr1.pl\/wp-content\/uploads\/2021\/04\/171715731_250209396805468_8765204894530724343_n-1024x768.jpg\" alt=\"\" data-id=\"520\" data-full-url=\"https:\/\/ngrr1.pl\/wp-content\/uploads\/2021\/04\/171715731_250209396805468_8765204894530724343_n.jpg\" data-link=\"https:\/\/ngrr1.pl\/?attachment_id=520\" class=\"wp-image-520\" srcset=\"https:\/\/ngrr1.pl\/wp-content\/uploads\/2021\/04\/171715731_250209396805468_8765204894530724343_n-1024x768.jpg 1024w, https:\/\/ngrr1.pl\/wp-content\/uploads\/2021\/04\/171715731_250209396805468_8765204894530724343_n-300x225.jpg 300w, https:\/\/ngrr1.pl\/wp-content\/uploads\/2021\/04\/171715731_250209396805468_8765204894530724343_n-768x576.jpg 768w, https:\/\/ngrr1.pl\/wp-content\/uploads\/2021\/04\/171715731_250209396805468_8765204894530724343_n-1536x1152.jpg 1536w, https:\/\/ngrr1.pl\/wp-content\/uploads\/2021\/04\/171715731_250209396805468_8765204894530724343_n-1600x1200.jpg 1600w, https:\/\/ngrr1.pl\/wp-content\/uploads\/2021\/04\/171715731_250209396805468_8765204894530724343_n.jpg 2048w\" sizes=\"(max-width: 1024px) 100vw, 1024px\" \/><\/figure><\/li><\/ul><\/figure>\n","protected":false},"excerpt":{"rendered":"<p>KARTA RATOWNICZA POJAZDU &#8211; Ka\u017cdy powinien j\u0105 mie\u0107 w samochodzie. Nic nie kosztuje, a mo\u017ce uratowa\u0107 \u017cycie. Dzi\u0119ki niej w&hellip;<\/p>\n","protected":false},"author":4,"featured_media":0,"parent":147,"menu_order":3,"comment_status":"closed","ping_status":"closed","template":"","meta":[],"_links":{"self":[{"href":"https:\/\/ngrr1.pl\/index.php?rest_route=\/wp\/v2\/pages\/518"}],"collection":[{"href":"https:\/\/ngrr1.pl\/index.php?rest_route=\/wp\/v2\/pages"}],"about":[{"href":"https:\/\/ngrr1.pl\/index.php?rest_route=\/wp\/v2\/types\/page"}],"author":[{"embeddable":true,"href":"https:\/\/ngrr1.pl\/index.php?rest_route=\/wp\/v2\/users\/4"}],"replies":[{"embeddable":true,"href":"https:\/\/ngrr1.pl\/index.php?rest_route=%2Fwp%2Fv2%2Fcomments&post=518"}],"version-history":[{"count":4,"href":"https:\/\/ngrr1.pl\/index.php?rest_route=\/wp\/v2\/pages\/518\/revisions"}],"predecessor-version":[{"id":527,"href":"https:\/\/ngrr1.pl\/index.php?rest_route=\/wp\/v2\/pages\/518\/revisions\/527"}],"up":[{"embeddable":true,"href":"https:\/\/ngrr1.pl\/index.php?rest_route=\/wp\/v2\/pages\/147"}],"wp:attachment":[{"href":"https:\/\/ngrr1.pl\/index.php?rest_route=%2Fwp%2Fv2%2Fmedia&parent=518"}],"curies":[{"name":"wp","href":"https:\/\/api.w.org\/{rel}","templated":true}]}}